
Is 8616809 a composite number?
False
Is 334233157 prime?
False
Is 110196451 composite?
False
Is 9257819 composite?
True
Is 15719701 a prime number?
True
Is 3630943 prime?
True
Is 327395 a composite number?
True
Is 29888659 prime?
False
Is 2746511 a composite number?
False
Is 3924391 composite?
True
Is 14787847 composite?
False
Is 1187489 a prime number?
True
Is 1727693003 a composite number?
False
Is 889204601 prime?
False
Is 9396823 a prime number?
True
Is 212309 composite?
True
Is 93122839 composite?
True
Is 27902879 prime?
False
Is 9454981 prime?
False
Is 6375773 composite?
True
Is 52944667 a composite number?
False
Is 199201543 a prime number?
True
Is 88338371 a prime number?
False
Is 42793889 prime?
True
Is 74582633 prime?
True
Is 18062053 a composite number?
True
Is 581797 prime?
True
Is 1037041 a prime number?
True
Is 243556111 a composite number?
False
Is 301732511 a prime number?
False
Is 259711 a composite number?
True
Is 52930651 prime?
False
Is 31923137 prime?
False
Is 2018449 composite?
True
Is 159990839 composite?
True
Is 59408759 composite?
True
Is 23585743 a composite number?
False
Is 1080749 prime?
True
Is 32035231 a prime number?
True
Is 1222115 a prime number?
False
Is 7300619 a composite number?
False
Is 3675311 a prime number?
False
Is 1495189 a composite number?
True
Is 16270433 a prime number?
True
Is 7739759 prime?
True
Is 63237397 a composite number?
False
Is 13321822 prime?
False
Is 20756579 prime?
True
Is 193303505 prime?
False
Is 7805683 a composite number?
False
Is 111142751 a prime number?
False
Is 78309137 composite?
True
Is 269089 composite?
False
Is 1062773 a prime number?
False
Is 61373353 prime?
False
Is 255103223 a composite number?
False
Is 555643805 a composite number?
True
Is 18853447 a composite number?
False
Is 36883601 prime?
False
Is 35505407 composite?
True
Is 2575589 a prime number?
True
Is 1014229 a composite number?
False
Is 7359257 prime?
True
Is 28967657 a composite number?
False
Is 25262353 a composite number?
True
Is 35393557 a composite number?
False
Is 1098011 a composite number?
True
Is 251891 a composite number?
True
Is 79676953 prime?
True
Is 5406467 a composite number?
True
Is 28602841 a prime number?
True
Is 112020041 a prime number?
False
Is 4912265 a composite number?
True
Is 10562371 a prime number?
True
Is 91060997 a prime number?
True
Is 6783713 a prime number?
True
Is 57948895 prime?
False
Is 619537 a prime number?
True
Is 918347 a composite number?
False
Is 234723641 prime?
False
Is 4293749 a prime number?
True
Is 157369 a prime number?
False
Is 1101733 a composite number?
False
Is 15854191 composite?
False
Is 66782789 composite?
False
Is 5773363 prime?
True
Is 167151031 prime?
False
Is 46875947 a prime number?
False
Is 2331671 prime?
False
Is 9457519 a composite number?
True
Is 9822409 composite?
False
Is 104683409 a composite number?
False
Is 4307359 prime?
False
Is 14294353 prime?
True
Is 3590233 composite?
True
Is 10596739 composite?
False
Is 619234151 prime?
True
Is 4802273 a composite number?
True
Is 4160771 a composite number?
True
Is 909737 prime?
True
Is 22775587 a composite number?
True
Is 8031949 prime?
False
Is 3644731 a composite number?
False
Is 24510869 prime?
True
Is 1536019 prime?
False
Is 1713383213 a composite number?
False
Is 3511849 prime?
False
Is 770271917 prime?
True
Is 1675523 a prime number?
False
Is 1066723 composite?
True
Is 798746539 composite?
False
Is 237851 prime?
True
Is 26472431 a prime number?
True
Is 20136133 prime?
False
Is 5989 composite?
True
Is 1755133 a prime number?
True
Is 467111 a prime number?
False
Is 5548391 a prime number?
False
Is 5434069 composite?
True
Is 30553 prime?
True
Is 252168767 a prime number?
True
Is 111430477 a composite number?
True
Is 3235313 a prime number?
False
Is 1660661 a prime number?
True
Is 556001899 composite?
True
Is 3330563 prime?
False
Is 2941283 a composite number?
False
Is 35624387 prime?
True
Is 31963733 prime?
True
Is 4839929 a prime number?
True
Is 5141 prime?
False
Is 82226317 composite?
False
Is 819149 prime?
True
Is 1135159 prime?
True
Is 124362703 a composite number?
False
Is 7640471 composite?
False
Is 1618613 a prime number?
True
Is 35359021 prime?
True
Is 138742 prime?
False
Is 18375373 composite?
True
Is 19976507 prime?
True
Is 157179409 a composite number?
True
Is 774135209 a composite number?
False
Is 1079465 a prime number?
False
Is 31597705 composite?
True
Is 38368307 a prime number?
True
Is 2953163 a composite number?
False
Is 79415627 a composite number?
False
Is 167591287 prime?
False
Is 834648981 a prime number?
False
Is 1995257 a prime number?
False
Is 44867357 prime?
False
Is 579233 prime?
False
Is 104431909 prime?
True
Is 225860221 a composite number?
True
Is 9561901 prime?
True
Is 16349871 composite?
True
Is 26225369 a composite number?
False
Is 208133 prime?
False
Is 7422397 prime?
True
Is 36403007 a composite number?
False
Is 200738297 a prime number?
False
Is 5157821 prime?
True
Is 4055749 composite?
True
Is 4130305 prime?
False
Is 54580649 prime?
True
Is 2878879 prime?
True
Is 26387567 a composite number?
False
Is 21043381 a prime number?
True
Is 123431111 a composite number?
False
Is 45382511 prime?
True
Is 7437217 a composite number?
False
Is 5372222 a prime number?
False
Is 51251449 a prime number?
False
Is 4727399 composite?
False
Is 82943057 prime?
False
Is 98536849 composite?
False
Is 2869283 a composite number?
True
Is 4243747 a prime number?
True
Is 14009201 a composite number?
False
Is 486835 composite?
True
Is 26654645 composite?
True
Is 26886791 a prime number?
True
Is 30132083 prime?
False
Is 1159835713 composite?
True
Is 5457113 a composite number?
False
Is 591667 a prime number?
False
Is 46124527 a composite number?
False
Is 16772141 prime?
True
Is 74389247 prime?
True
Is 10750547 prime?
True
Is 608489 prime?
False
Is 262189867 a prime number?
True
Is 56081569 composite?
False
Is 323870977 composite?
False
Is 3892741 composite?
False
Is 9799831 composite?
False
Is 70204399 prime?
True
Is 10893227 a prime number?
False
Is 648013 prime?
False
Is 16120513 a composite number?
True
Is 11258729 composite?
False
Is 6083761 composite?
False
Is 8277163 prime?
True
Is 2341273 prime?
False
Is 26521211 composite?
False
Is 3054283 a prime number?
True
Is 4807211 prime?
False
Is 624623 a composite number?
True
Is 9316133 a prime number?
False
Is 590266907 a composite number?
True
Is 394772893 a composite number?
False
Is 7725911 prime?
True
Is 101212415 a composite number?
True
Is 228721 a composite number?
True
Is 82826 composite?
True
Is 47710669 a composite number?
False
Is 1714879 a composite number?
True
Is 299278109 prime?
False
Is 22771907 a composite number?
False
Is 384599945 a prime number?
False
Is 5163241 prime?
True
Is 21590741 a composite number?
False
Is 2849009 a composite number?
False
Is 1808377 a composite number?
False
Is 43491031 prime?
False
Is 4142891 a composite number?
False
Is 6931777 composite?
False
Is 442599941 a prime number?
False
Is 52486649 a prime number?
True
Is 913853 a prime number?
True
Is 174438617 prime?
True
Is 2601757 a prime number?
True
Is 23182349 a composite number?
True
Is 2826767 prime?
False
Is 73268893 a prime number?
False
Is 4270171 a prime number?
False
Is 63426127 prime?
True
Is 6227477 prime?
True
Is 80021 composite?
False
Is 25399501 a prime number?
False
Is 153172781 a composite number?
True
Is 171439 prime?
True
Is 11764507 prime?
True
Is 3006347 a composite number?
False
Is 106598659 prime?
False
Is 15732037 composite?
False
Is 26652121 prime?
True
Is 1485821 a prime number?
True
Is 894014821 composite?
True
Is 28469591 composite?
False
Is 3203243 composite?
False
Is 292034273 a prime number?
False
Is 2270759 a composite number?
False
Is 711191201 composite?
True
Is 4491191 a prime number?
True
Is 98108249 a composite number?
False
Is 4257103 composite?
True
Is 70956739 a composite number?
True
Is 24895877 prime?
True
Is 930211 a composite number?
False
Is 469571 a prime number?
False
Is 15283054 prime?
False
Is 146063914 a prime number?
False
Is 24845147 prime?
True
Is 42442663 composite?
True
Is 3623923 a composite number?
True
Is 9715393 a prime number?
True
Is 2050607 a composite number?
True
Is 22797079 compo